 92. Calculate the greatest common factor of 1189 and a.
29
Let j(k) = 11*k + 39. Let u be j(-3). Let a be (-18)/81 + (-20)/(-9). Suppose -5*l + a + 18 = 0. What is the highest common factor of l and u?
2
Suppose -1811*u + 1721*u + 633780 = 0. What is the highest common divisor of 14 and u?
14
Let b(n) = -n**2 - 8*n - 12. Let c be b(-6). Suppose c*t + 2*t - 134 = -k, 64 = t - k. Calculate the highest common divisor of t and 33.
33
Let u = 1978 + -1976. Let g be (147/(-6))/(2/(-8)). Calculate the greatest common divisor of g and u.
2
Let i(k) = -k**3 + 9*k**2 - 5*k. Let u be i(8). Let n be ((-21)/4)/((-9)/u). Let r = 11307 - 11209. What is the greatest common divisor of n and r?
14
Suppose 0 = -137*s - 108*s + 11*s + 25272. What is the greatest common factor of 1593 and s?
27
Suppose 9*r = 4*r + 111016 + 5219. What is the highest common factor of 63 and r?
63
Let s(x) = 2*x - 12. Let z be s(3). Let c be ((-270)/4)/5*z. Suppose -31 = -82*p + c*p. Calculate the highest common divisor of 62 and p.
31
Suppose 4*y - 3329 - 6895 = 5*r, 5*y - 12739 = -4*r. Suppose 10 - y = -33*m. Calculate the highest common factor of 21 and m.
7
Let l = 35 - -185. Suppose 4*f - 3*m = -m + 48, 0 = -5*m. Suppose f*y = 17*y - l. What is the highest common factor of 4 and y?
4
Let r(b) = -b**3 - 58*b**2 - 42*b + 1515. Let v be r(-57). Calculate the greatest common divisor of 9372 and v.
132
Let x = -644 - -235. Let p = 717 + x. What is the highest common factor of p and 56?
28
Let k = -163 + 253. Suppose -224 = -5*o + 4*d, o - 2*d = -o + k. What is the greatest common factor of 12 and o?
4
Let y = -565 + 507. Let j = 85 + y. Calculate the greatest common factor of j and 225.
9
Let q(b) = 47*b**3 - 347*b**2 + 5*b + 40. Let k be q(8). Calculate the greatest common divisor of 1760 and k.
176
Let c(z) = z**2 - 10*z - 18 - 885*z**3 + 0*z + 443*z**3 + 443*z**3 - 5*z. Let x be c(-3). What is the greatest common divisor of x and 90?
9
Let h be -1195 - (2/(-1) - -7). Let i be ((-4)/10)/(8/h). Suppose -2*p = -4*p + 12. What is the highest common factor of p and i?
6
Suppose 5*a = -10, 1802 = -3*g + 11*a - 6*a. Let l = 615 + g. Calculate the highest common factor of 11 and l.
11
Suppose 14*k = 22*k - 416. Suppose -3*c + 298 = k. Calculate the highest common divisor of c and 2.
2
Let z(t) = -183*t + 3. Let v be z(1). Let m be 28/5 + 9/(v/(-8)). Suppose -4*a - 4 = -m*a. What is the greatest common divisor of 10 and a?
2
Suppose -3033*m = -3025*m - 280. What is the highest common factor of m and 3829?
7
Suppose -86 + 76 = 5*w. Let x be (-3)/12 + 4227/(-24)*w. Calculate the greatest common divisor of x and 11.
11
Let a be 84/(-24)*78/(-7). Let m be (a/(-117))/(1/(-18)). What is the greatest common divisor of m and 45?
3
Let u = 233 + -204. Suppose 0 = -u*k + 3249 - 465. What is the greatest common factor of k and 72?
24
Let x = 2336 + -2229. What is the highest common factor of x and 3103?
107
Suppose -5*p + 11 = -4. Let s be p/(-7) - (-24)/56. Suppose 5*j + 2*u - 409 = -0*u, s = 5*j - u - 403. What is the highest common divisor of 9 and j?
9
Suppose 39*u = -2*o + 43*u + 526, 4*o - 2*u = 1058. What is the greatest common factor of 477 and o?
53
Suppose -389 = -h - 11. Suppose -9*a + 5*r - 57 = -10*a, -4*a + 180 = 4*r. What is the greatest common factor of h and a?
42
Let o(t) be the first derivative of 13*t**4/4 - 7*t**3/3 + 11*t**2/2 - 13*t - 104. Let c be o(3). Calculate the greatest common divisor of 77 and c.
77
Let i = 839 + -1175. Let z = -270 - i. What is the greatest common factor of 55 and z?
11
Let q(k) = -472*k**3 - 6*k + 6. Let l be q(1). Let i = l - -484. What is the greatest common divisor of i and 9?
3
Suppose 64*m - 115641 = -11*m - 7266. What is the highest common divisor of m and 85?
85
Suppose 888*o - 932*o = -3344. What is the greatest common divisor of o and 247?
19
Suppose 3*l + 2*g = 235, -9*l + 8*l = g - 78. Suppose -8*s + l = -17. Calculate the highest common factor of 132 and s.
12
Suppose 0 = 3*m - 2*k - 2, 5*m - 66*k = -63*k + 5. Calculate the highest common divisor of m and 6528.
4
Let o = 1649 - 1645. What is the greatest common factor of o and 972?
4
Suppose -2*h - 20 = -5*f + 13, -5*h = -5. Suppose 0 = -2*p - 3*r + 282, p + f*r = 2*r + 155. Calculate the highest common divisor of p and 105.
15
Suppose -2*s + 10426 = 4*m, 2*s - 56*m = -57*m + 10414. Calculate the highest common divisor of s and 60.
15
Let n(y) = 2*y**3 - 6*y**2 + 49*y - 234. Let i be n(8). What is the highest common factor of i and 190?
38
Let f(r) be the third derivative of r**5/60 + r**4/6 + 43*r**2. Let o be f(4). What is the greatest common divisor of 32 and o?
32
Suppose s + 189 = -7*l + 9*l, 5*s - 264 = -3*l. Suppose -567 = 66*r - l*r. Calculate the highest common divisor of 77 and r.
7
Let g be 1 + (4 - -5) - (-56)/(-8). Calculate the highest common factor of 51 and g.
3
Suppose 2*g - 304 = 3*d, -3*g + d + 456 = 2*d. Suppose -g = -3*z + 7. Let p = z - -17. What is the greatest common divisor of p and 10?
10
Let c be (-5425)/(-930) + 1/6. Calculate the greatest common factor of 94 and c.
2
Suppose -5*l + 3*d - 1 = -105, -4*d + 30 = l. Let s be 2/(-5)*(6 + -1). Let z be (-3)/s + 217/2. Calculate the highest common divisor of z and l.
22
Let t be (527/(-68) - -8) + 790/8. Calculate the highest common factor of t and 132.
33
Suppose -14*c + 244 = 4948. Let r be 8/(c/(-894)) + 2/(-7). What is the greatest common divisor of r and 3?
3
Let b(j) = -10*j**3 - 41*j - 184. Let c be b(-4). What is the highest common divisor of c and 120?
20
Suppose 0 = 5*l + 15, -5*n - 2*l = -n - 58. Let a = -30 - n. Let q be (-2)/6 + a/(-3). What is the greatest common factor of 15 and q?
15
Suppose 56*a - 5746 = 7143 - 1185. Let r = -43 + 62. What is the highest common divisor of r and a?
19
Suppose 943 + 182 = 5*c. Let i = 233 - c. What is the highest common divisor of 14 and i?
2
Let z be (-2)/8 + (-108)/16. Let h be (-714)/(-17)*((-270)/z - 0). Suppose t = 7*t - h. What is the highest common divisor of 54 and t?
54
Suppose 2*x - 5*p - 1729 = 0, 5*x - 2376 = -4*p + 1963. Suppose 3*n - x = -3*r, 2*r = n - r - 281. Calculate the greatest common divisor of 7 and n.
7
Let j = -293 - -488. Let d be (13/(j/(-40)))/((-4)/54). Suppose a - 108 = -a. Calculate the highest common divisor of d and a.
18
Suppose 1654*d - 1652*d - 96 = 0. Suppose d*r - 2869 - 4619 = 0. Calculate the highest common factor of 12 and r.
12
Let f = 1680 + -1653. What is the highest common divisor of f and 11043?
27
Let w be 116/1*(13 - 11). Suppose 15*u = 3*p + 11*u - 205, 0 = -4*p - 5*u + w. Calculate the highest common factor of 36 and p.
9
Suppose 6*p - 1528 = 2*p. Let c = p + -177. Let d = -16 + c. What is the highest common divisor of d and 27?
27
Let l = -32 + 122. Suppose 2*t = j - 42, -2*t - 186 = j - 6*j. Suppose -3*w + j = -2*g - 64, 0 = -w - g + 40. Calculate the greatest common divisor of l and w.
18
Let v = -1398 - -7124. What is the greatest common divisor of 14 and v?
14
Let y be 5/(-15) - 25/(-3). Let w(t) = -t**3 + 8*t**2 - t + 10. Let z be w(y). Suppose -9*s - 24 = -21*s. Calculate the greatest common factor of s and z.
2
Let l = 9804 + -7923. What is the highest common divisor of l and 3591?
171
Suppose -4*a + 1025 = -4*t - 3079, 9*a + 4*t - 9312 = 0. What is the greatest common divisor of 36 and a?
12
Let g = 577 - 811. Let n = 454 + g. What is the greatest common factor of n and 120?
20
Let r be (-1)/((-56)/(-11) - (-8 - -13)). Let l be r + 3 - (-91 - 5). What is the greatest common factor of 55 and l?
11
Let q be 22 - 14 - (-101 - 0). Suppose q = 3*p - 17. Calculate the highest common divisor of 14 and p.
14
Let z(t) = -t**3 - 19*t**2 + 55*t + 1295. Let f be z(-23). Calculate the greatest common factor of f and 111.
37
Suppose 0 = 113*n - 195*n - 115*n + 6309122. What is the greatest common factor of 134 and n?
134
Let d(j) = 7*j**2 - j - 17. Suppose -4*m = -b - 3, -4*m - 10 = -4*b + m. Let x be d(b). What is the greatest common factor of 9 and x?
9
Let k(l) = l**2 + 23*l + 28. Let g be k(-22). Let m = -68 - -99. Suppose m = 4*c - 29. What is the greatest common divisor of g and c?
3
Suppose -k = 5*v - 386, -2*k = 33*v - 31*v - 724. What is the highest common factor of 979 and k?
89
Suppose 0 = 2*n - 7*n - 5. Let 